*a + 3*a. Let t be (2/a)/((-1)/(-82)). Let j = t + 55. What are the prime factors of j?
2, 7
Let r(j) = 206*j**2 - 28*j + 124. List the prime factors of r(11).
2, 89, 139
Let t = -53646 - -94042. List the prime factors of t.
2, 10099
Suppose -41*u - 168 = -47*u. Suppose u*v - 18*v - 1100 = 0. List the prime factors of v.
2, 5, 11
What are the prime factors of ((-5)/(-3))/(251/3002211)?
3, 5, 443
Suppose 5*l = -10, -5*l - 14744 = -4*w - 7*l. List the prime factors of w.
3, 1229
What are the prime factors of (-609214)/(-1128) - (-2)/(-24)?
2, 3, 5
Let g(p) = 16929*p**2 - 24*p - 24. What are the prime factors of g(-1)?
3, 11, 19
Let b be (-3 - -8) + 0 + -1. Suppose b*y + y - m - 1799 = 0, 3*y + 5*m = 1057. What are the prime factors of y?
359
Let z(m) be the third derivative of m**5/30 + m**4/24 - 101*m**3/3 + 6*m**2 + 13*m. List the prime factors of z(-18).
2, 107
Let m(p) = -15*p + 83. Suppose -7*a + 22 = -6. Suppose 4*c + 36 = -4*l, l - 2*l - a*c = 12. List the prime factors of m(l).
7, 29
Let a(l) = 26*l**3 - 4*l**2 - 18*l - 2. List the prime factors of a(7).
2, 4297
Let z(r) = -15*r**2 - 14*r - 45. Let y be z(-7). Let p = 2315 + y. List the prime factors of p.
23, 71
Let l(s) be the third derivative of -s**5/60 + 31*s**4/12 + 89*s**3/6 - s**2 - 3*s. What are the prime factors of l(31)?
2, 3, 5, 7
Let l = -14 + 1. Let s(u) = -u**3 - 11*u**2 + 16*u - 23. List the prime factors of s(l).
107
Let i(n) = 5*n - 22 + 27 - 58. Let q be i(11). Suppose q*p - 472 = -p + 2*x, 0 = -3*p + 4*x + 464. List the prime factors of p.
2, 5
Suppose -1073*y - 1534 = -1086*y. Let i be (-4)/((-32)/6)*-132. Let d = y - i. List the prime factors of d.
7, 31
Let a = 14048 + 7257. What are the prime factors of a?
5, 4261
Let p = -28 + 38. Suppose 16*z - 4092 = p*z. What are the prime factors of z?
2, 11, 31
List the prime factors of 40986 - (-24 - -5 - 4).
23, 1783
List the prime factors of ((-216)/(-63))/12 + 267240/21.
2, 3, 7, 101
Suppose 0 = -86*s - 69*s + 3480525. What are the prime factors of s?
3, 5, 499
Suppose 0 = -4*h + 5*h + 18*h - 429381. What are the prime factors of h?
3, 31
Suppose -3*u = -3*l - 2694, -7*l = -2*u - 2*l + 1790. Suppose 0 = -6*g + 504 + u. What are the prime factors of g?
2, 3, 13
Let v(i) = -99*i - 23. Let j(s) = 1287*s + 300. Let u(k) = 2*j(k) + 27*v(k). Let z be u(-5). Let c = z + -331. List the prime factors of c.
11, 13
Suppose -4*r + 4*g = -4568, 4*r - 4569 = 79*g - 76*g. What are the prime factors of r?
3, 127
Let h be (46*(-4)/(-16))/(1/2). Let c = 49 + -32. Suppose c + h = 4*b. What are the prime factors of b?
2, 5
Suppose k - 820 = 3*j - 49, 3*k = 4*j + 1033. Let y be (j*1 + 1)/(18/(-24)). Suppose -3*m + y = -38. What are the prime factors of m?
2, 3, 7
Let q(l) be the second derivative of 5*l**4/6 - 2*l**3/3 + 3*l**2/2 - 75*l. What are the prime factors of q(-6)?
3, 43
Suppose 4*w = -7 - 9. Let q be (20/(-8))/(52/(-16) + 3). List the prime factors of w/q - (-6048)/70.
2, 43
Let g = 65 - 52. Suppose b + g*b = 4522. List the prime factors of b.
17, 19
Let u = 182 - 79. Suppose u = 6*h + 7. What are the prime factors of (-1389)/(-12) + 4/h?
2, 29
Suppose -77595 = -4*a + 5*l, 282*a = 279*a + 3*l + 58194. List the prime factors of a.
3, 5, 431
Let l(x) = 188*x**2 + 62*x + 246. What are the prime factors of l(8)?
2, 3, 2129
Let r(d) = d**3 - 11*d**2 - 3*d + 2. Let o be (-12 + -2 + 5)/(4 - 3). Let z(b) = b**3 + 8*b**2 - 9*b + 12. Let l be z(o). List the prime factors of r(l).
2, 5, 11
Let o(t) = 12*t - 58. Suppose -5*a + 19 = -6. Let r be o(a). Suppose 4*u + 132 = v, -3*u = -r*v - 3*v + 677. What are the prime factors of v?
2, 17
Suppose -3*y - 3*b = -1272, -3*b + 1205 = 4*y - 496. Let t = y - 199. List the prime factors of t.
2, 5, 23
Let t = 767 + -757. Suppose 4*z - 5 = -4*a + 3, -3*a = -5*z + 18. Suppose -4*y - z*o = -161, -3*o = -y + 34 + t. What are the prime factors of y?
41
Suppose 0 = -5*n - 4*u + 35747, -3*n + 23706 = u + 2255. List the prime factors of n.
7151
Let j be (19/(-38))/(1/1216). Let g = j - -954. What are the prime factors of g?
2, 173
Suppose -5*l + 2*p = -641, -3*l + 475 - 88 = -2*p. Let b be -97 + (-14)/((-28)/18). Let z = l + b. List the prime factors of z.
3, 13
Suppose 0 = o + 3*u - 2181, -2996 - 3547 = -3*o + 3*u. What are the prime factors of o?
3, 727
Let y be -10*24/(-30) - -1. Let a(c) = -2 + 2 + 3*c + 4 + 0. List the prime factors of a(y).
31
Let h(n) = n**3 + 2*n**2 - 9*n - 4. Let c be h(-4). Suppose c = -7*k - 188 + 615. Suppose k = p - 25. What are the prime factors of p?
2, 43
Suppose 0 = -6*c + c + 5*r + 60, -5*c + 44 = -r. Suppose -5*i - 27 = -c*i. Suppose -4*b + 44 = n + i, 160 = 4*n - 4*b. What are the prime factors of n?
3, 13
Let k = 95 + -74. Suppose 8 + k = f. Suppose 3*v - 90 = -4*y, 135 - f = 4*y - 5*v. What are the prime factors of y?
2, 3
Let l = 295 + -281. What are the prime factors of (21/l)/(3/220)?
2, 5, 11
Let w(v) = -13*v**3 + 5*v**2 + 3*v + 56. List the prime factors of w(-11).
3, 43, 139
Let o(j) = j**3 - 8*j**2 + 10*j - 3. Let b be o(7). Suppose 2*c + 4*c - b = 0. Suppose -14*i = -c*i - 1386. What are the prime factors of i?
2, 3, 7
Let v be ((-10)/20)/((-2)/52). Suppose 7 = 4*r - v. List the prime factors of r.
5
Let v be (1/3)/(12/36). Let o be v*(-863 + 2)/(-3). Let t = 506 - o. What are the prime factors of t?
3, 73
Suppose -15*a = -38*a + 161230. What are the prime factors of a?
2, 5, 701
Suppose -5*o = 5*r - 76320, 4*r + 202*o = 201*o + 61056. List the prime factors of r.
2, 3, 53
Let p(b) = b**3 - 10*b**2 + 9*b - 4. Let l be p(9). Let c(y) = -4*y**3 + 7*y**2 + 18*y - 7. What are the prime factors of c(l)?
17
Suppose -5*x = -6*x + 4*d + 8, -2*d - 40 = -5*x. Let u(p) = p**2 + 8*p - 47. What are the prime factors of u(x)?
3
Let c(a) = a**2 - 55*a - 3558. What are the prime factors of c(-147)?
2, 3, 11
Suppose 3*x - 50 = 5*a, x + 4 = 3*a + 6*x. Let h = -21 - a. What are the prime factors of ((-8)/h)/(-2) - (-8338)/77?
2, 3
Let p(i) = -207*i + 592. List the prime factors of p(-11).
19, 151
Suppose 196*j - 137375 = 161*j. List the prime factors of j.
5, 157
Suppose 200*f - 12 = 202*f. Let o(j) = -2*j**3 - j**2 - 9*j + 19. What are the prime factors of o(f)?
7, 67
Suppose 8*a + 85 - 29 = 0. Let j be 5 + (-8)/(-4) + a. Suppose -12*b + 1521 - 141 = j. List the prime factors of b.
5, 23
Let v(n) be the third derivative of -n**6/120 - n**5/10 + n**4/24 - n**3/2 - 110*n**2. What are the prime factors of v(-10)?
3, 43
Let n(x) = 4*x**2 - 3*x - 7. Let u(p) = p**3 + p**2 - p + 4. Let j be u(0). Suppose 0*d - 39 = 4*w - 5*d, 2*d = -j*w - 18. List the prime factors of n(w).
5, 31
Let q be (-6)/(-18) + (-12)/9 - 4. Let l(g) = -25*g**3 + 9*g**2 - 8*g - 15. Let c be l(q). Suppose 14*b + 603 = c. List the prime factors of b.
2, 3, 11
Let u = -18 + 20. Let q be (4/(-7))/(14/(-49)). Suppose 2*m - q = -z - u*m, -2 = -z + m. What are the prime factors of z?
2
Suppose -7*g + 780 = -1432. Let a = g + -135. What are the prime factors of a?
181
Let n be (2 + -3)/((-4)/16). Suppose 2*v + 26 = n*k - 178, 5*k = -v + 255. What are the prime factors of 935/k + (-1)/3?
2, 3
Let p(l) = -36*l + 36. Let q be p(7). Let o = 367 + q. What are the prime factors of o?
151
Suppose 5*n + o + 1463 = 0, -5*o - 6 = -16. Let g = n + 1551. What are the prime factors of g?
2, 17, 37
Let a = -52751 + 78312. List the prime factors of a.
25561
Let a be (430/6)/((-2)/6). Let d be -3*(-5)/(-10)*(-662)/(-3). Let w = a - d. List the prime factors of w.
2, 29
Let x(k) = -24*k + 9. Let n be 20/8*(-8)/(-5). Let l be x(n). What are the prime factors of 0 - -4 - l - 0?
7, 13
List the prime factors of (6 + 5 + -7)/(1*2/4211).
2, 4211
Let q(v) be the first derivative of -31*v**2/2 + 10*v + 71. What are the prime factors of q(-1)?
41
Suppose q - 5*r = 40617, 0 = -4*q - 56*r + 52*r + 162348. List the prime factors of q.
2, 43, 59
Let f = 47 + -39. Let p(s) = 30*s + 38. List the prime factors of p(f).
2, 139
Suppose 0 = 7*s - 3*s - 4*h - 80676, -5*s + 7*h = -100835. List the prime factors of s.
2, 7, 11, 131
Let q = 1 - -4. Suppose q*t = 32 - 22. Suppose -2*f + 4*v = -102, 73 - 336 = -5*f + t*v. What are the prime factors of f?
53
Suppose -5*j = 2*t - 75639, 4*t + 67207 - 6679 = 4*j. List the prime factors of j.
3, 41
Suppose -106833